{"id":2349,"date":"2016-09-20T14:45:48","date_gmt":"2016-09-20T14:45:48","guid":{"rendered":"https:\/\/abanicosvibenca.es\/lista-de-deseos\/"},"modified":"2017-06-30T08:45:03","modified_gmt":"2017-06-30T08:45:03","slug":"lista-de-deseos","status":"publish","type":"page","link":"https:\/\/abanicosvibenca.es\/en\/lista-de-deseos\/","title":{"rendered":"Wishlist"},"content":{"rendered":"<p>[yith_wcwl_wishlist]<\/p>\n","protected":false},"excerpt":{"rendered":"<p>[yith_wcwl_wishlist]<\/p>\n","protected":false},"author":1,"featured_media":0,"parent":0,"menu_order":0,"comment_status":"closed","ping_status":"closed","template":"","meta":{"site-sidebar-layout":"default","site-content-layout":"","ast-site-content-layout":"default","site-content-style":"default","site-sidebar-style":"default","ast-global-header-display":"","ast-banner-title-visibility":"","ast-main-header-display":"","ast-hfb-above-header-display":"","ast-hfb-below-header-display":"","ast-hfb-mobile-header-display":"","site-post-title":"","ast-breadcrumbs-content":"","ast-featured-img":"","footer-sml-layout":"","theme-transparent-header-meta":"","adv-header-id-meta":"","stick-header-meta":"","header-above-stick-meta":"","header-main-stick-meta":"","header-below-stick-meta":"","astra-migrate-meta-layouts":"default","ast-page-background-enabled":"default","ast-page-background-meta":{"desktop":{"background-color":"","background-image":"","background-repeat":"repeat","background-position":"center center","background-size":"auto","background-attachment":"scroll","background-type":"","background-media":"","overlay-type":"","overlay-color":"","overlay-opacity":"","overlay-gradient":""},"tablet":{"background-color":"","background-image":"","background-repeat":"repeat","background-position":"center center","background-size":"auto","background-attachment":"scroll","background-type":"","background-media":"","overlay-type":"","overlay-color":"","overlay-opacity":"","overlay-gradient":""},"mobile":{"background-color":"","background-image":"","background-repeat":"repeat","background-position":"center center","background-size":"auto","background-attachment":"scroll","background-type":"","background-media":"","overlay-type":"","overlay-color":"","overlay-opacity":"","overlay-gradient":""}},"ast-content-background-meta":{"desktop":{"background-color":"var(--ast-global-color-5)","background-image":"","background-repeat":"repeat","background-position":"center center","background-size":"auto","background-attachment":"scroll","background-type":"","background-media":"","overlay-type":"","overlay-color":"","overlay-opacity":"","overlay-gradient":""},"tablet":{"background-color":"var(--ast-global-color-5)","background-image":"","background-repeat":"repeat","background-position":"center center","background-size":"auto","background-attachment":"scroll","background-type":"","background-media":"","overlay-type":"","overlay-color":"","overlay-opacity":"","overlay-gradient":""},"mobile":{"background-color":"var(--ast-global-color-5)","background-image":"","background-repeat":"repeat","background-position":"center center","background-size":"auto","background-attachment":"scroll","background-type":"","background-media":"","overlay-type":"","overlay-color":"","overlay-opacity":"","overlay-gradient":""}},"footnotes":""},"class_list":["post-2349","page","type-page","status-publish","hentry"],"yoast_head":"<!-- This site is optimized with the Yoast SEO plugin v26.4 - https:\/\/yoast.com\/wordpress\/plugins\/seo\/ -->\n<title>Lista de deseos - Abanicos Vibenca, abanicos artesanales en Valencia<\/title>\n<meta name=\"description\" content=\"Tu lista de deseos visible para que puedas decidir mejor qu\u00e9 abanico te gusta m\u00e1s, compares sus precios y caracter\u00edsticas.\" \/>\n<meta name=\"robots\" content=\"index, follow, max-snippet:-1, max-image-preview:large, max-video-preview:-1\" \/>\n<link rel=\"canonical\" href=\"https:\/\/abanicosvibenca.es\/en\/lista-de-deseos\/\" \/>\n<meta property=\"og:locale\" content=\"en_US\" \/>\n<meta property=\"og:type\" content=\"article\" \/>\n<meta property=\"og:title\" content=\"Lista de deseos - Abanicos Vibenca, abanicos artesanales en Valencia\" \/>\n<meta property=\"og:description\" content=\"Tu lista de deseos visible para que puedas decidir mejor qu\u00e9 abanico te gusta m\u00e1s, compares sus precios y caracter\u00edsticas.\" \/>\n<meta property=\"og:url\" content=\"https:\/\/abanicosvibenca.es\/en\/lista-de-deseos\/\" \/>\n<meta property=\"og:site_name\" content=\"Abanicos Vibenca\" \/>\n<meta property=\"article:modified_time\" content=\"2017-06-30T08:45:03+00:00\" \/>\n<meta name=\"twitter:card\" content=\"summary_large_image\" \/>\n<script type=\"application\/ld+json\" class=\"yoast-schema-graph\">{\"@context\":\"https:\/\/schema.org\",\"@graph\":[{\"@type\":\"WebPage\",\"@id\":\"https:\/\/abanicosvibenca.es\/en\/lista-de-deseos\/\",\"url\":\"https:\/\/abanicosvibenca.es\/en\/lista-de-deseos\/\",\"name\":\"Lista de deseos - Abanicos Vibenca, abanicos artesanales en Valencia\",\"isPartOf\":{\"@id\":\"https:\/\/abanicosvibenca.es\/#website\"},\"datePublished\":\"2016-09-20T14:45:48+00:00\",\"dateModified\":\"2017-06-30T08:45:03+00:00\",\"description\":\"Tu lista de deseos visible para que puedas decidir mejor qu\u00e9 abanico te gusta m\u00e1s, compares sus precios y caracter\u00edsticas.\",\"breadcrumb\":{\"@id\":\"https:\/\/abanicosvibenca.es\/en\/lista-de-deseos\/#breadcrumb\"},\"inLanguage\":\"en-US\",\"potentialAction\":[{\"@type\":\"ReadAction\",\"target\":[\"https:\/\/abanicosvibenca.es\/en\/lista-de-deseos\/\"]}]},{\"@type\":\"BreadcrumbList\",\"@id\":\"https:\/\/abanicosvibenca.es\/en\/lista-de-deseos\/#breadcrumb\",\"itemListElement\":[{\"@type\":\"ListItem\",\"position\":1,\"name\":\"Portada\",\"item\":\"https:\/\/abanicosvibenca.es\/en\/\"},{\"@type\":\"ListItem\",\"position\":2,\"name\":\"Wishlist\"}]},{\"@type\":\"WebSite\",\"@id\":\"https:\/\/abanicosvibenca.es\/#website\",\"url\":\"https:\/\/abanicosvibenca.es\/\",\"name\":\"Abanicos Vibenca\",\"description\":\"Abanicos artesanales pintados a mano\",\"publisher\":{\"@id\":\"https:\/\/abanicosvibenca.es\/#organization\"},\"potentialAction\":[{\"@type\":\"SearchAction\",\"target\":{\"@type\":\"EntryPoint\",\"urlTemplate\":\"https:\/\/abanicosvibenca.es\/?s={search_term_string}\"},\"query-input\":{\"@type\":\"PropertyValueSpecification\",\"valueRequired\":true,\"valueName\":\"search_term_string\"}}],\"inLanguage\":\"en-US\"},{\"@type\":\"Organization\",\"@id\":\"https:\/\/abanicosvibenca.es\/#organization\",\"name\":\"Abanicos Vibenca\",\"url\":\"https:\/\/abanicosvibenca.es\/\",\"logo\":{\"@type\":\"ImageObject\",\"inLanguage\":\"en-US\",\"@id\":\"https:\/\/abanicosvibenca.es\/#\/schema\/logo\/image\/\",\"url\":\"https:\/\/abanicosvibenca.es\/wp-content\/uploads\/2017\/09\/abanicos-vibenca-logo.png\",\"contentUrl\":\"https:\/\/abanicosvibenca.es\/wp-content\/uploads\/2017\/09\/abanicos-vibenca-logo.png\",\"width\":204,\"height\":101,\"caption\":\"Abanicos Vibenca\"},\"image\":{\"@id\":\"https:\/\/abanicosvibenca.es\/#\/schema\/logo\/image\/\"}}]}<\/script>\n<!-- \/ Yoast SEO plugin. -->","yoast_head_json":{"title":"Lista de deseos - Abanicos Vibenca, abanicos artesanales en Valencia","description":"Tu lista de deseos visible para que puedas decidir mejor qu\u00e9 abanico te gusta m\u00e1s, compares sus precios y caracter\u00edsticas.","robots":{"index":"index","follow":"follow","max-snippet":"max-snippet:-1","max-image-preview":"max-image-preview:large","max-video-preview":"max-video-preview:-1"},"canonical":"https:\/\/abanicosvibenca.es\/en\/lista-de-deseos\/","og_locale":"en_US","og_type":"article","og_title":"Lista de deseos - Abanicos Vibenca, abanicos artesanales en Valencia","og_description":"Tu lista de deseos visible para que puedas decidir mejor qu\u00e9 abanico te gusta m\u00e1s, compares sus precios y caracter\u00edsticas.","og_url":"https:\/\/abanicosvibenca.es\/en\/lista-de-deseos\/","og_site_name":"Abanicos Vibenca","article_modified_time":"2017-06-30T08:45:03+00:00","twitter_card":"summary_large_image","schema":{"@context":"https:\/\/schema.org","@graph":[{"@type":"WebPage","@id":"https:\/\/abanicosvibenca.es\/en\/lista-de-deseos\/","url":"https:\/\/abanicosvibenca.es\/en\/lista-de-deseos\/","name":"Lista de deseos - Abanicos Vibenca, abanicos artesanales en Valencia","isPartOf":{"@id":"https:\/\/abanicosvibenca.es\/#website"},"datePublished":"2016-09-20T14:45:48+00:00","dateModified":"2017-06-30T08:45:03+00:00","description":"Tu lista de deseos visible para que puedas decidir mejor qu\u00e9 abanico te gusta m\u00e1s, compares sus precios y caracter\u00edsticas.","breadcrumb":{"@id":"https:\/\/abanicosvibenca.es\/en\/lista-de-deseos\/#breadcrumb"},"inLanguage":"en-US","potentialAction":[{"@type":"ReadAction","target":["https:\/\/abanicosvibenca.es\/en\/lista-de-deseos\/"]}]},{"@type":"BreadcrumbList","@id":"https:\/\/abanicosvibenca.es\/en\/lista-de-deseos\/#breadcrumb","itemListElement":[{"@type":"ListItem","position":1,"name":"Portada","item":"https:\/\/abanicosvibenca.es\/en\/"},{"@type":"ListItem","position":2,"name":"Wishlist"}]},{"@type":"WebSite","@id":"https:\/\/abanicosvibenca.es\/#website","url":"https:\/\/abanicosvibenca.es\/","name":"Abanicos Vibenca","description":"Abanicos artesanales pintados a mano","publisher":{"@id":"https:\/\/abanicosvibenca.es\/#organization"},"potentialAction":[{"@type":"SearchAction","target":{"@type":"EntryPoint","urlTemplate":"https:\/\/abanicosvibenca.es\/?s={search_term_string}"},"query-input":{"@type":"PropertyValueSpecification","valueRequired":true,"valueName":"search_term_string"}}],"inLanguage":"en-US"},{"@type":"Organization","@id":"https:\/\/abanicosvibenca.es\/#organization","name":"Abanicos Vibenca","url":"https:\/\/abanicosvibenca.es\/","logo":{"@type":"ImageObject","inLanguage":"en-US","@id":"https:\/\/abanicosvibenca.es\/#\/schema\/logo\/image\/","url":"https:\/\/abanicosvibenca.es\/wp-content\/uploads\/2017\/09\/abanicos-vibenca-logo.png","contentUrl":"https:\/\/abanicosvibenca.es\/wp-content\/uploads\/2017\/09\/abanicos-vibenca-logo.png","width":204,"height":101,"caption":"Abanicos Vibenca"},"image":{"@id":"https:\/\/abanicosvibenca.es\/#\/schema\/logo\/image\/"}}]}},"_links":{"self":[{"href":"https:\/\/abanicosvibenca.es\/en\/wp-json\/wp\/v2\/pages\/2349","targetHints":{"allow":["GET"]}}],"collection":[{"href":"https:\/\/abanicosvibenca.es\/en\/wp-json\/wp\/v2\/pages"}],"about":[{"href":"https:\/\/abanicosvibenca.es\/en\/wp-json\/wp\/v2\/types\/page"}],"author":[{"embeddable":true,"href":"https:\/\/abanicosvibenca.es\/en\/wp-json\/wp\/v2\/users\/1"}],"replies":[{"embeddable":true,"href":"https:\/\/abanicosvibenca.es\/en\/wp-json\/wp\/v2\/comments?post=2349"}],"version-history":[{"count":0,"href":"https:\/\/abanicosvibenca.es\/en\/wp-json\/wp\/v2\/pages\/2349\/revisions"}],"wp:attachment":[{"href":"https:\/\/abanicosvibenca.es\/en\/wp-json\/wp\/v2\/media?parent=2349"}],"curies":[{"name":"wp","href":"https:\/\/api.w.org\/{rel}","templated":true}]}}

<!-- This site is optimized with the Yoast SEO plugin v26.4 - https://yoast.com/wordpress/plugins/seo/ -->
<title>Lista de deseos - Abanicos Vibenca, abanicos artesanales en Valencia</title>
<meta name="description" content="Tu lista de deseos visible para que puedas decidir mejor qué abanico te gusta más, compares sus precios y características." />
<meta name="robots" content="index, follow, max-snippet:-1, max-image-preview:large, max-video-preview:-1" />
<link rel="canonical" href="https://abanicosvibenca.es/en/lista-de-deseos/" />
<meta property="og:locale" content="en_US" />
<meta property="og:type" content="article" />
<meta property="og:title" content="Lista de deseos - Abanicos Vibenca, abanicos artesanales en Valencia" />
<meta property="og:description" content="Tu lista de deseos visible para que puedas decidir mejor qué abanico te gusta más, compares sus precios y características." />
<meta property="og:url" content="https://abanicosvibenca.es/en/lista-de-deseos/" />
<meta property="og:site_name" content="Abanicos Vibenca" />
<meta property="article:modified_time" content="2017-06-30T08:45:03+00:00" />
<meta name="twitter:card" content="summary_large_image" />
<script type="application/ld+json" class="yoast-schema-graph">{"@context":"https://schema.org","@graph":[{"@type":"WebPage","@id":"https://abanicosvibenca.es/en/lista-de-deseos/","url":"https://abanicosvibenca.es/en/lista-de-deseos/","name":"Lista de deseos - Abanicos Vibenca, abanicos artesanales en Valencia","isPartOf":{"@id":"https://abanicosvibenca.es/#website"},"datePublished":"2016-09-20T14:45:48+00:00","dateModified":"2017-06-30T08:45:03+00:00","description":"Tu lista de deseos visible para que puedas decidir mejor qué abanico te gusta más, compares sus precios y características.","breadcrumb":{"@id":"https://abanicosvibenca.es/en/lista-de-deseos/#breadcrumb"},"inLanguage":"en-US","potentialAction":[{"@type":"ReadAction","target":["https://abanicosvibenca.es/en/lista-de-deseos/"]}]},{"@type":"BreadcrumbList","@id":"https://abanicosvibenca.es/en/lista-de-deseos/#breadcrumb","itemListElement":[{"@type":"ListItem","position":1,"name":"Portada","item":"https://abanicosvibenca.es/en/"},{"@type":"ListItem","position":2,"name":"Wishlist"}]},{"@type":"WebSite","@id":"https://abanicosvibenca.es/#website","url":"https://abanicosvibenca.es/","name":"Abanicos Vibenca","description":"Abanicos artesanales pintados a mano","publisher":{"@id":"https://abanicosvibenca.es/#organization"},"potentialAction":[{"@type":"SearchAction","target":{"@type":"EntryPoint","urlTemplate":"https://abanicosvibenca.es/?s={search_term_string}"},"query-input":{"@type":"PropertyValueSpecification","valueRequired":true,"valueName":"search_term_string"}}],"inLanguage":"en-US"},{"@type":"Organization","@id":"https://abanicosvibenca.es/#organization","name":"Abanicos Vibenca","url":"https://abanicosvibenca.es/","logo":{"@type":"ImageObject","inLanguage":"en-US","@id":"https://abanicosvibenca.es/#/schema/logo/image/","url":"https://abanicosvibenca.es/wp-content/uploads/2017/09/abanicos-vibenca-logo.png","contentUrl":"https://abanicosvibenca.es/wp-content/uploads/2017/09/abanicos-vibenca-logo.png","width":204,"height":101,"caption":"Abanicos Vibenca"},"image":{"@id":"https://abanicosvibenca.es/#/schema/logo/image/"}}]}</script>
<!-- / Yoast SEO plugin. -->

Tu lista de deseos visible para que puedas decidir mejor qué abanico te gusta más, compares sus precios y características.
